culate j(17).
-8
Let c(r) = 585*r + 19641. Give c(-35).
-834
Let w(l) = -273*l**2 + 928*l + 2184. What is w(5)?
-1
Let c(z) = -3688*z - 10992. Determine c(-3).
72
Let x(m) = 6337*m - 570330. What is x(90)?
0
Let k(l) = 4*l**2 + 135*l - 288. Determine k(-36).
36
Let z(m) = -72*m**2 - 676*m - 707. Give z(-8).
93
Let o(z) = 73687*z - 147454. Give o(2).
-80
Let a(j) = 2*j**3 - 38*j**2 - 1007*j - 99. Determine a(34).
343
Let a(c) = -2434*c + 5049. Calculate a(3).
-2253
Let x(h) = 172*h**2 - 641*h - 1. Determine x(0).
-1
Let f(l) = -3339*l - 258370. Determine f(-77).
-1267
Let w(n) = -2*n**2 + 190*n - 2141. Determine w(82).
-9
Let s(d) = -d**3 + 56*d**2 - 440*d + 460. Calculate s(8).
12
Let d(r) = -3198*r - 18262. Determine d(-6).
926
Let d(o) = -11*o**3 - 214*o**2 - 233*o - 2456. Calculate d(-19).
166
Let c(s) = -13*s**2 + 245*s + 843. What is c(-3)?
-9
Let i(c) = 55642*c + 222564. What is i(-4)?
-4
Let q(l) = -l**3 + 55*l**2 - 384*l + 350. Give q(47).
-26
Let t(q) = q**3 + 179*q**2 - 1505*q - 1694. Determine t(-187).
-11
Let g(s) = -35358*s + 1909340. Give g(54).
8
Let h(f) = 3*f**3 + 23*f**2 - 13*f + 556. Calculate h(-13).
-1979
Let g(c) = 3*c**2 + 89*c - 231. What is g(5)?
289
Let z(a) = 8*a**2 + 2208*a + 53790. What is z(-249)?
6
Let u(k) = -10953*k - 569548. Give u(-52).
8
Let w(y) = 1038*y**2 - 5214*y + 21. Determine w(5).
-99
Let q(f) = 183*f**2 + 330*f - 1. Give q(-6).
4607
Let y(w) = w**2 - 65*w - 1534. Give y(89).
602
Let u(j) = -17*j**3 - 81*j**2 + 20*j + 116. What is u(-5)?
116
Let o(z) = -448*z**3 - z**2 - 2022*z - 2022. Give o(-1).
447
Let c(x) = -x**3 + 55*x**2 - 298*x + 109. What is c(49)?
-87
Let w(b) = 80*b - 11851. Calculate w(144).
-331
Let q(v) = -5*v**2 + 331*v - 433. Calculate q(60).
1427
Let y(m) = -35*m + 5530. Give y(157).
35
Let w(s) = -36*s**2 + 3683*s - 796. Calculate w(102).
326
Let z(r) = -447*r + 3963. Determine z(9).
-60
Let l(k) = 250*k + 44573. Calculate l(-171).
1823
Let n(p) = 18*p**2 - 602*p - 5931. Determine n(-8).
37
Let s(a) = 132455*a + 1456988. Determine s(-11).
-17
Let l(k) = -184*k**2 + 51*k - 220. Give l(3).
-1723
Let y(s) = -28944*s - 28916. What is y(-1)?
28
Let f(i) = 76738*i - 1304266. Determine f(17).
280
Let x(h) = 3*h**2 + 3225*h + 514798. Give x(-195).
-2
Let p(v) = -v**2 - 7847*v + 94342. Calculate p(12).
34
Let o(n) = 10*n**2 - 879*n - 11673. Calculate o(100).
427
Let t(r) = -3063*r**2 + 742*r + 744. What is t(-1)?
-3061
Let w(k) = 4*k**3 + 245*k**2 - 66*k - 7740. Give w(-61).
7
Let r(v) = -288856*v - 7799096. Calculate r(-27).
16
Let i(d) = 426*d - 13764. What is i(32)?
-132
Let x(b) = -b**3 - 122*b**2 + 1756*b + 175. Calculate x(-135).
40
Let h(g) = 5*g**2 - 1244*g - 14327. Give h(-11).
-38
Let w(x) = -166*x**2 - 1700*x + 5059. Give w(3).
-1535
Let l(o) = o**2 - 483*o + 11537. Give l(458).
87
Let j(d) = -d**3 - 59*d**2 - 109*d + 317. Give j(-57).
32
Let b(s) = -181*s**2 - 15023*s. What is b(-83)?
0
Let a(q) = -2280*q - 49419. What is a(-21)?
-1539
Let z(i) = i**3 - 176*i**2 + 7517*i - 6508. Give z(105).
2
Let y(a) = 50*a + 1. Determine y(-10).
-499
Let k(f) = -110148*f - 440593. Give k(-4).
-1
Let p(s) = 110*s - 1072. Determine p(-8).
-1952
Let a(j) = -4*j**2 + 792*j - 35805. Calculate a(128).
35
Let u(m) = 173*m**2 + 12402*m + 32. Calculate u(-72).
3920
Let d(j) = 2*j**3 - 16*j**2 - 316*j - 10. Give d(-9).
80
Let y(s) = 259520*s - 778567. What is y(3)?
-7
Let d(u) = -700*u - 32385. What is d(-46)?
-185
Let v(h) = -h**3 + 65*h**2 + 629*h + 22710. What is v(77)?
-5
Let d(w) = 14062*w - 871561. What is d(62)?
283
Let x(i) = -i**2 - 160493*i + 7384803. Calculate x(46).
9
Let l(x) = 55759*x - 445882. Calculate l(8).
190
Let w(p) = 8004*p + 7962. Give w(-1).
-42
Let s(z) = z**2 + 46*z + 34. Give s(5).
289
Let o(p) = p**2 + 8848*p + 79563. Give o(-9).
12
Let s(q) = -11*q**3 - 387*q**2 + 2552*q - 2949. Give s(-41).
3
Let c(f) = 7061*f + 42278. Give c(-6).
-88
Let o(h) = 240*h**3 + 88561*h**2 + 369*h + 19. What is o(-369)?
19
Let u(k) = -448*k - 7097. Determine u(-16).
71
Let a(o) = -1190*o**2 - 6958*o + 48. Calculate a(-6).
-1044
Let x(p) = -101373*p - 4967282. What is x(-49)?
-5
Let v(s) = -s**3 - 78*s**2 + 106*s + 2121. Give v(-79).
-12
Let k(z) = -z**3 - 27*z**2 + 79*z + 1608. Determine k(-28).
180
Let d(j) = -13*j**2 + 375*j + 295973. Determine d(166).
-5
Let b(x) = 3177*x - 315534. Determine b(99).
-1011
Let q(w) = 6*w**3 + 146*w**2 + 49*w - 104. What is q(-24)?
-128
Let s(u) = -u**3 - 58*u**2 + 277*u - 265. Determine s(-63).
2129
Let z(k) = -10*k**2 + 1803*k - 48953. What is z(147)?
-2
Let t(o) = 3*o**2 + 92*o - 1685. What is t(-48)?
811
Let n(v) = -1953*v - 21973. Calculate n(-11).
-490
Let s(r) = 13*r**2 - 176*r + 50. What is s(15)?
335
Let k(q) = -368*q - 64. What is k(2)?
-800
Let u(q) = -2*q**3 - 120*q**2 + 143*q - 318. Calculate u(-61).
-1599
Let w(z) = -900*z - 973. Calculate w(-1).
-73
Let d(m) = -14*m**3 - 11*m**2 - 69*m - 195. Determine d(-3).
291
Let i(z) = z**2 + 4073*z + 85097. What is i(-21)?
5
Let d(v) = v**3 - 22*v**2 - 44*v + 1241. Calculate d(21).
-124
Let u(q) = -17*q**3 + 2060*q**2 - 366*q - 281. Calculate u(121).
-644
Let r(f) = 362*f + 5377. Calculate r(-15).
-53
Let h(w) = w**2 + 257128*w + 6684653. Determine h(-26).
1
Let p(u) = 21*u**2 + 2457*u + 255. Give p(-117).
255
Let f(v) = -879*v + 431466. Give f(491).
-123
Let l(y) = -2*y**3 + 28*y**2 - 112*y + 99. Give l(0).
99
Let s(q) = -15640*q + 187702. What is s(12)?
22
Let k(u) = -95*u - 2089. Give k(-23).
96
Let h(u) = u**3 - 770*u**2 + 14557*u - 216282. What is h(751)?
6
Let q(r) = 31*r**2 + 1794*r + 19822. What is q(-43)?
-1
Let f(y) = -3*y**2 + 33*y + 1265. Determine f(-30).
-2425
Let b(t) = -307*t - 7244. Calculate b(-10).
-4174
Let r(l) = 2*l**3 + 67*l**2 - 566*l + 1981. What is r(-41)?
-28
Let o(h) = -h**2 - 198*h - 10244. Give o(-101).
-447
Let d(u) = u**3 - 123*u**2 + 70*u + 20742. Give d(121).
-70
Let d(i) = -2007*i - 293. Determine d(0).
-293
Let a(b) = 3*b**3 - 434*b**2 - 273*b + 18467. Give a(145).
-93
Let w(s) = -s**3 - 298*s**2 - 2590*s + 3178. What is w(-289)?
-1
Let i(g) = -4*g**2 - 85*g + 479. Calculate i(-26).
-15
Let g(x) = -8*x**3 + 1462*x**2 + 395*x - 5508. Determine g(183).
-201
Let a(q) = 138*q**2 - 1409*q - 4998. Determine a(13).
7
Let g(j) = 3*j**2 + 226*j - 13977. Give g(40).
-137
Let j(z) = 99*z + 185. Give j(-1).
86
Let h(t) = 16*t**2 - 1644*t - 2077. Calculate h(104).
3
Let b(m) = -m**3 + 122*m**2 - 355*m - 1. Calculate b(119).
237
Let w(u) = -u**3 - 30*u**2 + 557*u - 90. What is w(-43)?
-4
Let z(d) = -330*d + 227408. What is z(689)?
38
Let r(n) = 19715*n + 39608. Calculate r(-2).
178
Let x(k) = -k**3 - 318*k**2 + 969*k - 9. Calculate x(3).
9
Let u(b) = 8*b**3 - 78*b**2 + 52*b - 193. What is u(9)?
-211
Let m(u) = 3*u**2 - 57*u - 3778. Give m(33).
-2392
Let y(k) = 23946*k + 407100. What is y(-17)?
18
Let a(f) = f**3 + 25*f**2 + 180*f + 335. What is a(-8)?
-17
Let z(d) = -174*d**2 + 387*d + 761. Determine z(-2).
-709
Let g(z) = -186820*z + 2428635. Determine g(13).
-25
Let v(m) = m**2 - 793*m - 178513. Determine v(-183).
95
Let h(n) = 33*n**2 + 5483*n + 79944. Give h(-150).
-6
Let d(a) = 3*a**3 + 23*a**2 - 225*a - 1667. Determine d(-7).
6
Let z(h) = h**3 + 33*h**2 + 208*h + 241. Give z(-25).
41
Let o(h) = 6*h**2 - 3190*h - 1113219. Give o(772).
5
Let t(u) = 43*u + 8888. What is t(-210)?
-142
Let y(q) = -44*q**2 + 847*q + 5022. What is y(24)?
6
Let f(l) = 94*l**2 + 2321*l - 14966. What is f(-30)?
4
Let g(w) = 3*w**3 - 336*w**2 - 1668*w + 222101. What is g(111)?
-10
Let g(w) = w**3 - 15*w**2 + 6617*w - 164007. Determine g(24).
-15
Let w(s) = s**3 - 4*s**2 - 206*s - 94. Give w(0).
-94
Let y(p) = -181*p**2 - 2568*p - 2568. Give y(-1).
-181
Let x(h) = 4758*h**2 - 114193*h + 20. Give x(24).
-4
Let v(x) = 10092*x - 79098. Determine v(7).
-8454
Let h(i) = -i**3 + 120*i**2 - 3182*i - 3945. What is h(42)?
3
Let l(k) = -k**2 - 306*k - 1493. Calculate l(-5).
12
Let k(f) = -13*f**3 + 45*f**2 - 1015*f + 4111. What is k(4)?
-61
Let l(a) = 5*a**2 + 1086*a + 21640. Determine l(-195).
-5
Let o(s) = 3*s**2 - 944*s + 937. What is o(1)?
-4
Let s(j) = -129333*j + 517340. Calculate s(4).
8
Let w(z) = 223*z + 60419. Determine w(-262).
1993
Let f(o) = -15768*o + 94643. Calculate f(6).
35
Let q(a) = a**2 + 155*a 